se 15, what is 941592 - -4?
941596
In base 5, what is -4 - -1001231433412?
1001231433403
In base 10, what is 295 + 53496?
53791
In base 10, what is 213 - -6020593?
6020806
In base 3, what is 11 + -110021001012210?
-110021001012122
In base 10, what is -147 - -707373?
707226
In base 9, what is -422134578 - 5?
-422134584
In base 15, what is 2c + -9bb?
-98e
In base 8, what is -23 - 1273072?
-1273115
In base 5, what is 141031003 + -101?
141030402
In base 16, what is c5 - 1a4346?
-1a4281
In base 4, what is -300020 - 1030031220?
-1030331300
In base 15, what is -caa9 + -3bea?
-117a4
In base 3, what is 11222120 - 11122001?
100112
In base 15, what is -4 + 91d9c?
91d98
In base 15, what is -2a - a5ce8?
-a5d23
In base 8, what is 13345404 + -41?
13345343
In base 12, what is 2 - 1469ab5?
-1469ab3
In base 3, what is -11 - -202110020101211?
202110020101200
In base 5, what is 102100043023 - 10?
102100043013
In base 2, what is 100001 - -110011011101101000?
110011011110001001
In base 11, what is -79118 + 2941?
-76287
In base 8, what is -2705 + 271614?
266707
In base 11, what is -466393 + 1a?
-466374
In base 8, what is -45204104 + -215?
-45204321
In base 13, what is 9c4558c + -11?
9c4557b
In base 13, what is 3c900 + 619?
40219
In base 14, what is -10d + 4c73b2?
4c72a3
In base 15, what is -22ca4e + 8?
-22ca46
In base 6, what is 3 + -43302142?
-43302135
In base 13, what is -2 + -a89aa4a?
-a89aa4c
In base 4, what is -13221 + -3032311002?
-3032330223
In base 12, what is -2026 + 4762?
2738
In base 15, what is 34ec8327 + 0?
34ec8327
In base 2, what is -1110111001 + -101000000001110?
-101001111000111
In base 10, what is -450561 - 40?
-450601
In base 7, what is 504 + -2155?
-1351
In base 2, what is 1000111101111 + 10001111000000?
11010110101111
In base 10, what is -3 + -121482062?
-121482065
In base 14, what is 150 - 271d2?
-27082
In base 9, what is -3044 - 1634?
-4678
In base 10, what is -1044938 + -15?
-1044953
In base 3, what is -1202020 + 102002021222?
102000112202
In base 11, what is 5 - -69a7389?
69a7393
In base 2, what is -10010010100111001011111110 - -10010?
-10010010100111001011101100
In base 13, what is -2c1b87 - -77?
-2c1b10
In base 3, what is -20010121200011020 + 2?
-20010121200011011
In base 6, what is -12521501 - -143?
-12521314
In base 9, what is -2 - -33576710?
33576707
In base 9, what is -13 - -1021661?
1021647
In base 2, what is -111 - 101000111010000010011001?
-101000111010000010100000
In base 15, what is a126631 + -4?
a12662c
In base 2, what is -101010000 + -10110101011110000?
-10110110001000000
In base 10, what is 194609 - -4705?
199314
In base 2, what is -101 + 10001001001110001100100?
10001001001110001011111
In base 14, what is 283ad - -855?
28c24
In base 2, what is -1001110010101011001100110000 + -11?
-1001110010101011001100110011
In base 9, what is -11 - -45881131?
45881120
In base 4, what is 101012 + 323302?
1030320
In base 11, what is 2 + 1411118?
141111a
In base 15, what is 2 + -1422b0?
-1422ad
In base 9, what is 153754545 + 1?
153754546
In base 5, what is 34 - -3101110114?
3101110203
In base 3, what is -11 + -21121000012102?
-21121000012120
In base 12, what is -5744 + -18753?
-22297
In base 11, what is 34 - -205101?
205135
In base 4, what is -1111 - -11010010013?
11010002302
In base 14, what is -125 - 191900?
-191a25
In base 3, what is 10211 + 1111221000?
1112001211
In base 16, what is 2d9 + -1d7f0?
-1d517
In base 3, what is -100012211211 - 10120011?
-100100101222
In base 11, what is -18129311 - 1?
-18129312
In base 7, what is 116 - 241421?
-241302
In base 5, what is -11240130 + -414?
-11241044
In base 2, what is 1100010111100000 - -10011110?
1100011001111110
In base 8, what is 2373065 - 5?
2373060
In base 8, what is 3163 + -2673?
270
In base 6, what is -45521025 - 4043?
-45525112
In base 16, what is 61c619b + -2?
61c6199
In base 4, what is -1 - 1131210132?
-1131210133
In base 16, what is -ceb + 1c44?
f59
In base 11, what is 21 - 24a19a2?
-24a1981
In base 4, what is 1022111000 - 20221?
1022030113
In base 11, what is -163 + -195978?
-196030
In base 15, what is -32 - -17e0840?
17e080d
In base 16, what is 363 + b10?
e73
In base 14, what is -1bb - 1378d?
-1396a
In base 5, what is -201 + -244034?
-244240
In base 6, what is 5 - 1522015442?
-1522015433
In base 11, what is 63 - 526784?
-526721
In base 4, what is -1112020 + -12031?
-1130111
In base 8, what is -25 + 407455?
407430
In base 7, what is 352443 - 3032?
346411
In base 15, what is -3 + -128d764e?
-128d7652
In base 15, what is -62e2 + -1760e?
-1d901
In base 2, what is -110 + -101001011001111010111100?
-101001011001111011000010
In base 6, what is -145 - -2200155?
2200010
In base 7, what is 30663506 - 244?
30663232
In base 9, what is 3 - -152585186?
152585200
In base 15, what is 549de - 7aa?
54234
In base 15, what is -2d37 - 201d?
-4d55
In base 16, what is c29e96 + -3?
c29e93
In base 11, what is 2830 - -109313?
111043
In base 8, what is 5073623 + -53?
5073550
In base 10, what is -39905 - -6577?
-33328
In base 16, what is 1c - 7dde?
-7dc2
In base 6, what is 111251321 - 3534?
111243343
In base 7, what is 42062465 + -50?
42062415
In base 6, what is 43144 - 2222?
40522
In base 5, what is -4241102300 + 1?
-4241102244
In base 16, what is 8b - -29764?
297ef
In base 2, what is 1011 - 1100111010011000100?
-1100111010010111001
In base 13, what is -243 + -2b440?
-2b683
In base 7, what is -3 - -2213632551?
2213632545
In base 15, what is 78 + 260e8?
26171
In base 10, what is -6652374 - -24?
-6652350
In base 14, what is 4 + bab599?
bab59d
In base 7, what is -5 + 1122040?
1122032
In base 2, what is 11101100011010101010100 - -100?
11101100011010101011000
In base 6, what is 1140402 - -434?
1141240
In base 6, what is -2 + -3454455223?
-3454455225
In base 6, what is 2 - 23524002503?
-23524002501
In base 16, what is -3 + -4f9faac?
-4f9faaf
In base 5, what is 2400 - -2430032?
2432432
In base 13, what is 12 + -3122a1c?
-3122a0a
In base 10, what is 610 - -130943?
131553
In base 5, what is 22 - 1123124034?
-1123124012
In base 11, what is 827439 + -5?
827434
In base 12, what is -110bb + -3547?
-14646
In base 13, what is 8 - -298896?
2988a1
In base 11, what is 4 - 60408a?
-604086
In base 14, what is 632980c - 2?
632980a
In base 5, what is -1002400 + -344140?
-1402040
In base 7, what is 2 + 1406325253?
1406325255
In base 15, what is 38687 + -3c3?
382b4
In base 14, what is -51cb433 - a?
-51cb43d
In base 4, what is -202301221 + -1311003?
-210212230
In base 3, what is -111222201211 - -1001220?
-111221122221
In base 2, what is 1001001101010111111100 - -10000?
1001001101011000001100
In base 7, what is 2051564 - 122?
2051442
In base 16, what is -53 + 5ed44?
5ecf1
In base 6, what is -1233523 + -430?
-1234353
In base 14, what is 2814 - 119c?
1656
In base 5, what is 2144301322 - 0?
2144301322
In base 4, what is -203000233212 + 10?
-203000233202
In base 9, what is -883 - -61?
-822
In base 14, what is 342 - -6210?
6552
In base 2, what is -1011011111110 + 11010010101100?
1110110101110
In base 11, what is -623a81 + -25?
-623aa6
In base 15, what is -107377a - -5?
-1073775
In base 9, what is -5 - 328187?
-328203
In base 5, what is 113232300113 + -4?
113232300104
In base 13, what is 9c51c3c + -9?
9c51c33
In base 13, what is -22a - 66383?
-665b0
In base 2, what is -11000000101010000111001010 - -1010?
-11000000101010000111000000
In base 13, what is 4947b + -22?
49459
In base 13, what is -1b93 - a08?
-289b
In base 10, what is -328129836 + -4?
-328129840
In base 9, what is 5174 - -22543?
27727
In base 4, what is 300 + 1032101231?
1032102131
In base 5, what is 1240240402 + -11?
1240240341
In base 4, what is 130 + 301301331012?
301301331202
In base 11, what is -41aa - -a460?
6261
In base 3, what is 1001102202220020 + -22?
1001102202212221
In base 16, what is -10426 - 49a?
-108c0
In base 11, what is 457343 + -124?
45721a
In base 7, what is 203 - 142033165?
-142032662
In base 8, what is -12 - -3051501?
3051467
In base 8, what is 313403 - 413?
312770
In base 12, what is 5 + 813202?
813207
In base 4, what is -120333 + 212120?
31121
In base 2, what is -11000110111101111111101010 - 1001?
-11000110111101111111110011
In base 14, what is 3 + -1a141655?
-1a141652
In base 7, what is 11541425 - 14?
11541411
In base 7, what is 2623210 + -53?
2623124
In